hat is 2010021102001 + -11?
2010021101220
In base 11, what is 67 + 19a12?
19a79
In base 10, what is 3 + 1642303?
1642306
In base 6, what is -340 - 32?
-412
In base 8, what is -143363 - -2?
-143361
In base 5, what is -10 - -4221341?
4221331
In base 16, what is a + 18e?
198
In base 3, what is -1201001202011 + 10?
-1201001202001
In base 16, what is -1a51 - -6?
-1a4b
In base 2, what is -1001110111 - 100100101?
-1110011100
In base 16, what is 634 - -86?
6ba
In base 14, what is 543 - 4?
53d
In base 11, what is -3126 - -63?
-3073
In base 14, what is 0 - 35a2?
-35a2
In base 12, what is -90 - b8?
-188
In base 14, what is 28 + -d1?
-a7
In base 13, what is -4 - -31050?
31049
In base 3, what is -1 + 1100022111?
1100022110
In base 13, what is -727 + 38a?
-36a
In base 9, what is 3632 + 45?
3677
In base 15, what is c + -217e8?
-217db
In base 6, what is -4 - 4114034?
-4114042
In base 4, what is 3131002311 + 3?
3131002320
In base 9, what is -20 + -412?
-432
In base 10, what is 2 - 181464?
-181462
In base 10, what is -4 - 5257?
-5261
In base 4, what is 2 - 100223113?
-100223111
In base 12, what is 3067 + -5?
3062
In base 6, what is 443002 + 41?
443043
In base 10, what is -42 - -1563?
1521
In base 10, what is 513 - -171?
684
In base 14, what is 333 - 2c?
305
In base 8, what is 1625353 + -3?
1625350
In base 3, what is 2 + -10011000110?
-10011000101
In base 2, what is -1101000101 + 1101?
-1100111000
In base 2, what is 10111110 + 10011?
11010001
In base 15, what is -1 + -82e3?
-82e4
In base 9, what is 24 + 66348?
66373
In base 9, what is 1411 - -70?
1481
In base 15, what is 1258d - 0?
1258d
In base 2, what is 100100111110110111 + -100?
100100111110110011
In base 11, what is -a - 6541?
-6550
In base 15, what is -7b5 + 8?
-7ac
In base 5, what is 44 - 200440?
-200341
In base 2, what is -1001000 + -1011001001?
-1100010001
In base 3, what is 110 - -2110122102?
2110122212
In base 16, what is -7b5e - 3?
-7b61
In base 4, what is 222112013 + -10?
222112003
In base 5, what is 4 - 2343001?
-2342442
In base 14, what is -8a5d - -5?
-8a58
In base 2, what is -11001000111100101110 + -11?
-11001000111100110001
In base 8, what is -56 + -2072?
-2150
In base 11, what is 2 + 23aa33?
23aa35
In base 11, what is -4825 - 3aa?
-5124
In base 5, what is -440 + -11003?
-11443
In base 7, what is -113 + -1105?
-1221
In base 14, what is -2 + -240b9?
-240bb
In base 13, what is 1 + 48b6?
48b7
In base 14, what is 2936 - 0?
2936
In base 9, what is -2 - 6736?
-6738
In base 13, what is 2129 + -28?
2101
In base 9, what is -65881 + 3?
-65877
In base 5, what is -2333 + -1144?
-4032
In base 14, what is 4 - -229a?
22a0
In base 12, what is 1100 + -13?
10a9
In base 13, what is -5 - b206?
-b20b
In base 3, what is -221222102 + -22?
-221222201
In base 6, what is -3040 - 103?
-3143
In base 7, what is -14 - -1345205?
1345161
In base 2, what is 11000100 + 101000?
11101100
In base 13, what is -49c32 - -3?
-49c2c
In base 3, what is -202222210222 - -2?
-202222210220
In base 15, what is -17278 - -1b?
-1725c
In base 4, what is 200321301 - -11?
200321312
In base 11, what is 1973 - -11?
1984
In base 16, what is -4b56 - -2e?
-4b28
In base 2, what is 10111100011001 - 1100000?
10111010111001
In base 12, what is -268 - 14?
-280
In base 2, what is 11101 - 10001000100?
-10000100111
In base 7, what is -44 + -15440?
-15514
In base 7, what is 3 + -15216?
-15213
In base 8, what is 153165 - -25?
153212
In base 9, what is -3 + 14838?
14835
In base 2, what is -10100 + 11000011000?
11000000100
In base 5, what is 2 + 11202032?
11202034
In base 3, what is 210011 + 100?
210111
In base 7, what is -1 - -26260?
26256
In base 7, what is -3 + -134225?
-134231
In base 4, what is 3 + 3001300?
3001303
In base 9, what is 6 + -46183?
-46176
In base 6, what is 1 + 51514551?
51514552
In base 8, what is 1151 - 32?
1117
In base 8, what is -241364 + 3?
-241361
In base 9, what is 266 - 342?
-65
In base 5, what is -1 - -11042032?
11042031
In base 6, what is 4 - 4350253?
-4350245
In base 4, what is 12101 + -1231?
10210
In base 6, what is 213 - 3151?
-2534
In base 8, what is 162234 + -1?
162233
In base 2, what is 1 + -1111010011011?
-1111010011010
In base 3, what is 2220210222 - -10?
2220211002
In base 11, what is -a469 + -4?
-a472
In base 12, what is 285aa - 5?
285a5
In base 16, what is 66 + -296f?
-2909
In base 7, what is -54111 + 5?
-54103
In base 8, what is 3 + -1726750?
-1726745
In base 11, what is 31456 + -2?
31454
In base 2, what is -100100 - -10000010000?
1111101100
In base 9, what is 10717 - -101?
10818
In base 11, what is -22122a + 1?
-221229
In base 13, what is 5056 - -3?
5059
In base 14, what is 5645 + 7?
564c
In base 12, what is -349236 - 4?
-34923a
In base 13, what is -c + 3030?
3021
In base 5, what is -10 + 104110422?
104110412
In base 5, what is 213 + 41214?
41432
In base 3, what is 112121110 - 1?
112121102
In base 8, what is -72 + -702?
-774
In base 6, what is -1312 + -12330?
-14042
In base 5, what is -1101 + -110411?
-112012
In base 11, what is -3 - -33666?
33663
In base 14, what is c87 + -47?
c40
In base 10, what is 3 - -10162?
10165
In base 15, what is -b508 - -5?
-b503
In base 16, what is -12 + -3597?
-35a9
In base 4, what is 1022 + 1123220?
1130302
In base 5, what is -130022 + -11?
-130033
In base 3, what is 201202 + -12112?
112020
In base 4, what is -22111 + -30?
-22201
In base 4, what is -2111022 + 1?
-2111021
In base 9, what is 28356 - 4?
28352
In base 7, what is -6323000 - 2?
-6323002
In base 16, what is -1a20 - 209?
-1c29
In base 8, what is -1266 - 46?
-1334
In base 8, what is 301 + -3676?
-3375
In base 3, what is 1001100 + -121011?
110012
In base 4, what is 2230301 - 211?
2230030
In base 12, what is 1 + -29249?
-29248
In base 11, what is -a - -5a145?
5a136
In base 11, what is -3 - 63003?
-63006
In base 2, what is 1 + -110110100111111?
-110110100111110
In base 14, what is -1 - 3596?
-3597
In base 7, what is 6244145 + 3?
6244151
In base 14, what is d015 + -c?
d007
In base 14, what is 2335 - -210?
2545
In base 7, what is 2344 - 0?
2344
In base 11, what is 44 + -24a?
-206
In base 2, what is 1001 - -11010101011000?
11010101100001
In base 5, what is -2 - -3102333?
3102331
In base 9, what is -3701 - 514?
-4315
In base 11, what is -41 - 4663?
-46a4
In base 12, what is 4ab + b2?
5a1
In base 16, what is 3 - -35e1f?
35e22
In base 6, what is 5 - 14024?
-14015
In base 8, what is 1076441 + -3?
1076436
In base 7, what is -11215 + -4565?
-16113
In base 11, what is 35278 + 5?
35282
In base 9, what is 17 + -5864?
-5846
In base 12, what is 3759 + -3b9?
3360
In base 12, what is 2 + -30a10?
-30a0a
In base 8, what is -1054 + 1472?
416
In base 9, what is 8684 + -1?
8683
In base 4, what is -103 + -2200?
-2303
In base 15, what is 4 + 3396?
339a
In base 6, what is 23 - -140542?
141005
In base 3, what is 0 + -1121020202?
-1121020202
In base 4, what is -213231330 + 22?
-213231302
In base 8, what is 714 + -114?
600
In base 9, what is -663 - 5?
-668
In base 8, what is -11652 + 7?
-11643
In base 16, what is f9 + -6f?
8a
In base 16, what is -2 + 2809?
2807
In base 10, what is 953316 + 5?
953321
In base 6, what is -111545 + 1?
-111544
In base 3, what is -1102122101 - 220?
-1102200021
In base 5, what is -14414442 + 13?
-14414424
In base 5, what is 340210404 + -10?
340210344
In base 10, what is 88186 + 13?
88199
In base 7, what is -2 + -2455232?
-2455234
In base 3, what is 0 - -1122002001?
1122002001
In base 6, what is 325024110 - -1?
325024111
In base 8, what is 45551 - 42?
45507
In base 7, what is 25 + -3454?
-3426
In base 14, what is -28 + 1189?
1161
In base 2, what is -10100001010111 - -1100010?
-10011111110101
In base 11, what is 4 - -20151?
20155
In base 4, what is -10032312 - -100?
-10032212
In base 3, what is -1001 - -10212200?
10211122
In base 3, what is -10200 + 2100022120?
2100011220
In base 10, what is 1 - 9515?
-9514
In base 16, what is -1f51d - -4?
-1f519
In base 6, what is -2115 - -345?
-1330
In base 14, what is 50 + -222?
-1b2
In base 12, what is 4 + 1389a?
138a2
In base 8, what is 3 + -3550150?
-3550145
In base 6, what is -1120134 - 1?
-1120135
In base 16, what is 98ed1 + -3?
98ece
In base 13, what is -b79 + -780?
-1629
In base 2, what is -1001 + 1010001011?
1010000010
In base 2, what is -1111001011010110101 + -11?
-1111001011010111000
In bas